*f + k**3 + 5*k**2. Let q be h(-5). What is the highest common divisor of q and 45?
5
Let y be (8/(1 - 0))/(62/1984). Calculate the greatest common divisor of 32 and y.
32
Suppose -4*h + m = -11, -2*h = -4*m + 3*m - 3. Let c be h/22 - (-324)/33. Calculate the highest common factor of c and 25.
5
Suppose 20 = 3*m + a, -4 = m - 0*m - 5*a. Let v be (1 - m/2) + 30 + -16. Suppose -3*p - 15 = -39. What is the greatest common factor of v and p?
4
Let j(d) be the first derivative of 33*d**2/2 - 3*d + 12. Let s be j(3). What is the greatest common factor of 12 and s?
12
Let x be 2 + (-4)/2 + 3. Suppose 0 = -x*t - 22 - 5. Let y(a) = a**3 + 8*a**2 - 10*a + 2. Let v be y(t). What is the highest common factor of v and 11?
11
Suppose -4*p - p = -4*g - 218, -3*g = 4*p - 193. Let o = -35 + p. What is the greatest common factor of 176 and o?
11
Suppose 10485 + 17 = 5*u + i, 3*u = 4*i + 6292. Calculate the greatest common factor of 84 and u.
84
Let x(g) = g - 6. Let r be x(8). Suppose -r*c + 3*c - 6 = 0. Let m = 101 - 59. Calculate the highest common factor of c and m.
6
Let s = -87 - -115. Calculate the highest common factor of s and 6.
2
Let k = 434 - -53. Suppose -5*p + 1400 = -0*p. Let d = k - p. Calculate the greatest common factor of d and 23.
23
Let j be (2*-3)/(45/(-465)). What is the highest common divisor of 1674 and j?
62
Suppose 3 = -4*c + 15. Let i(l) = l. Let w be i(-2). Let b be (w/c)/(6/(-108)). What is the highest common factor of b and 4?
4
Suppose -19 + 75 = 7*n. Let l = -6 + n. Calculate the highest common divisor of 5 and l.
1
Suppose -3*f + 3391 + 587 = 0. Calculate the greatest common divisor of 78 and f.
78
Suppose 17 = 3*s - 0*l + 5*l, 42 = 4*s - 3*l. Suppose -4*i + i = -261. Let a = -6 + i. Calculate the greatest common divisor of s and a.
9
Suppose -w + 0*j + 5*j + 15 = 0, 99 = 5*w - j. Let p = w - 8. Suppose 0 = 6*m - m - 480. What is the greatest common divisor of p and m?
12
Let i = 23 + -17. Let m(w) = -w**3 + 5*w**2 + 6*w + 8. Let f be m(i). Calculate the highest common factor of f and 32.
8
Let u = -11 + -7. Let x be 1 - (-6)/(u/(-345)). Let o be (1 - x/(-12))*12. Calculate the highest common divisor of 16 and o.
16
Let c(i) = -i**2 + 10*i - 1. Let s be c(12). Let z = -15 - s. What is the greatest common factor of 30 and z?
10
Suppose -4*a + 5*b + 22 = 0, -a - 2*b + 7 = -5. Let q(j) = -6*j - 8 - a*j - 9*j. Let p be q(-8). What is the greatest common divisor of p and 16?
16
Let v be -6 + -265*30/(-25). What is the highest common divisor of v and 24?
24
Let h be 4/(-22) - (-4795)/55. What is the highest common divisor of h and 3?
3
Suppose -3*l + 2*a + 7 = -0, 0 = -3*l + 4*a + 5. Suppose -5*y = -25, l*o = 2*o + 2*y + 26. Calculate the highest common divisor of 252 and o.
36
Suppose m - 4*m + 9 = 0. Suppose 0 = q - 3*q, 0 = m*v - 5*q - 42. Suppose 4*d - 2 = v. Calculate the greatest common divisor of 36 and d.
4
Let v(u) = u**3 - 8*u**2 - 10*u + 17. Let y be v(10). Calculate the highest common divisor of 26 and y.
13
Let i be 1*0/3 - -2. Suppose -4*c + 15 = 3*t, -i*t = -4*c - 35 + 5. Calculate the greatest common divisor of 9 and t.
9
Let q(v) = v + 1. Let j be q(2). Let f be (j/(-2))/(9/(-924)). Let n = -15 + 29. What is the highest common divisor of n and f?
14
Let d be (-18 - 0)*(-8)/6. Let n(j) = 14*j - 18. Let r be n(10). Suppose -58 = -3*b + r. Calculate the greatest common factor of d and b.
12
Let h(c) = c**3 + 9*c**2 - 5*c + 7. Let d be h(-10). Let o = 78 + d. What is the highest common divisor of o and 7?
7
Let j = -1180 - -2146. What is the highest common divisor of 42 and j?
42
Let s(b) = -49*b - 239. Let h be s(-5). Calculate the greatest common divisor of 2106 and h.
6
Let v(a) = 58*a - 57. Let r be v(24). What is the highest common factor of r and 15?
15
Suppose 4*a - 68 = -o, 0 = -3*o + a - 45 + 223. Calculate the highest common factor of o and 210.
30
Let y(q) = 6*q**2 - 60*q + 38. Let t be y(13). Calculate the greatest common factor of 17 and t.
17
Let n be (0 - -4)*((-385)/4)/(-5). What is the highest common factor of n and 14?
7
Suppose -45*k + 59*k - 1162 = 0. What is the greatest common divisor of 415 and k?
83
Let p be (2 - (-1 + -36)) + (5 - 6). Calculate the greatest common divisor of 171 and p.
19
Let q(g) = -8*g - 8. Let a = -22 + 16. Let w be q(a). Suppose 0 = 2*f - p - 4, -3*p + 25 - 1 = 3*f. Calculate the highest common factor of f and w.
4
Suppose 0 = -5*r + 1 - 16. Let i be ((-9)/(-6) - r)*(2 - 0). Calculate the highest common factor of 153 and i.
9
Let x be (1 + 1)*55/22 - -49. What is the highest common divisor of x and 3?
3
Suppose -16 = 2*f - 4*f. Suppose a - 4*t = 40, 9*a - 8*a + 2*t - 16 = 0. Calculate the greatest common divisor of f and a.
8
Let g be (748/10 - 16/20)*8. What is the highest common divisor of 74 and g?
74
Suppose 1 = -3*n + 13. Suppose -28 = -n*s + 4. Calculate the highest common factor of 20 and s.
4
Let k = -123 - -197. Suppose 5*i = h - k, 0*i + 200 = 4*h + 4*i. What is the highest common factor of h and 81?
27
Suppose -3*j = 2*o - 34, 0 = 9*o - 6*o - 2*j - 77. What is the greatest common divisor of o and 1265?
23
Let w = -53 - -215. Calculate the highest common factor of w and 216.
54
Let c(v) = 4*v + 4. Let z be c(0). What is the highest common divisor of 8 and z?
4
Suppose 28 = 5*h + 3. Suppose y - h = 13. Calculate the greatest common divisor of 126 and y.
18
Suppose -4*d = -2*d - 4. Let a be 2 + -3 - (9 + -13). Suppose 5*t = -a*r + 71, r + 26 = d*t + 3*r. Calculate the highest common divisor of t and 144.
16
Suppose u - 24 = 4*u. Let z(s) = -4*s - 11. Let b be z(u). Let p = b + -5. What is the highest common factor of p and 32?
16
Let v be 36/((-6)/(-9) + 0). Let t be (-1)/2*-3*v. Calculate the highest common divisor of 54 and t.
27
Suppose 4*z = 9*z, -z + 81 = o. What is the greatest common divisor of o and 54?
27
Suppose -7*d + 9*d - 248 = 2*f, 3*f + 252 = 2*d. What is the greatest common divisor of 150 and d?
30
Suppose 58*w = 48*w + 990. Calculate the greatest common divisor of 9 and w.
9
Let s(h) = h**3 + 14*h**2 + 2*h + 27. Let k be s(-14). Let v be 323*1 + 21/(k - 6). What is the greatest common factor of v and 40?
40
Suppose -4*y = -4*a + 16, a + 5*y = 2*a. Suppose -5*k = 2*f - 53, 4*k - 40 = f + a. Calculate the greatest common factor of k and 77.
11
Let j(l) = 2*l - 11. Let f be j(6). Let d be -228 - (f - (-1 - 0)). Let r = d + 342. What is the greatest common factor of 14 and r?
14
Let f(g) = 3*g + 3. Let u be f(6). Suppose u*b = 22*b - 130. Calculate the greatest common divisor of 52 and b.
26
Let k be 6 + -9 + 3*13. Let t = k + -27. What is the highest common factor of t and 36?
9
Suppose -4*b - 5*y + 1535 = 0, -4*b - 4*y + 1309 = -231. Calculate the highest common factor of b and 30.
30
Let w(d) = 11*d**2 + 24*d - 125. Let s be w(5). What is the greatest common divisor of 27 and s?
27
Suppose 12*m + 5*m = 612. Let s = 14 - 9. Suppose s*i = 46 + 14. What is the highest common divisor of m and i?
12
Suppose 2*b = -4, 18*f - 14*f + b = 126. Let g(v) = 4*v**2 + 4*v - 1. Let p be g(-4). Let m = p - f. What is the greatest common divisor of 165 and m?
15
Let o(u) = 2*u**2 + 10*u - 14. Let z be o(-10). Let h = z - 53. What is the highest common factor of 11 and h?
11
Let s be (68 - 36/6) + 0. Calculate the highest common divisor of 403 and s.
31
Let c = -457 - -655. What is the highest common factor of c and 24?
6
Let a = 1964 - 1454. What is the highest common factor of a and 30?
30
Suppose -12 = f - 2*f. Let s(r) = -r**3 + 21*r**2 + 20*r + 19. Let t be s(22). Let a be ((-15)/t)/((-3)/(-10)). What is the greatest common factor of f and a?
2
Let q(v) = 14*v**2 - 1. Let a be q(-1). Suppose -5*t + 2*l = -380, 3*t = -5*l + 164 + 33. Let s = 43 + t. What is the highest common divisor of s and a?
13
Let t(c) = 23*c**2 + 1. Let d(o) = -2*o + 21. Let b be d(10). Let v be t(b). Let k = 1 - -3. Calculate the highest common factor of v and k.
4
Let d(b) = 89*b. Let v be d(-3). Let h = -107 - v. Suppose 2*i - 35 - 5 = 0. What is the highest common divisor of i and h?
20
Let c(w) = 3*w + 36. Let k be c(-7). Suppose 5*q - k - 20 = 0. What is the greatest common divisor of 56 and q?
7
Let h be -16 + -3 + 14 + 25 + 1. What is the greatest common divisor of 6 and h?
3
Let z